of -f**4/4 + 4*f**3/3 + 2*f**2 + 7*f - 13. What is b(5)?
2
Suppose -2*i - 2*i = -28. Let n(y) = 7 - i + 7*y. Let p be (-2)/(2/(-4)*-4). Calculate n(p).
-7
Let s(y) = 3*y**2 - 2 - 4*y**2 + 6. Determine s(3).
-5
Let u(q) = q**2 + 4*q + 2. Let b(v) be the second derivative of 1/2*v**3 - 2*v + 1/2*v**2 - 1/12*v**4 + 0. Let n be b(4). Calculate u(n).
-1
Suppose 2*r = -0*r + 2. Let i(f) = -5*f**2 + 8 - 3*f + 2*f - 9 + 2. Determine i(r).
-5
Let p(s) = -3*s**3 + s**3 + s**2 - 3*s**2 + 2 + 3*s**3. Calculate p(3).
11
Let s be 3 + -5 + 0 + 0. Let g be 36/(-45)*5/s. Let f(d) = -g - 6*d**2 + 5*d**2 + 6*d + 8. Calculate f(6).
6
Let z be 0*(0 + (-1)/(-2)). Let j(i) = -i**2 - 2*i + z*i + 0*i**2. Let p(m) = -m**2 - 13*m + 12. Let x be p(-14). Give j(x).
0
Let j(s) = -2*s**2 + 2*s - 3. Suppose 4*m + 4 = 5*w, -w = -6*w. Let q = m - 8. Let b = q + 11. What is j(b)?
-7
Let m(j) = -6*j**2 - 3*j - 8. Let a(o) = -o - 2. Let k(t) = 4*a(t) - m(t). Determine k(1).
5
Suppose -3*x + 6 = -6*x. Let u = x + 5. Let k(f) = 3*f + f**3 - 4*f + 2 - f - 3*f**2. Determine k(u).
-4
Let f(w) = w**2 + 5*w + 6. Suppose 0 = -4*u + u + 3. Let x = 0 + u. Let p = -6 + x. Give f(p).
6
Let i be 17*-1 + (-3)/(-3). Let l = -10 - i. Let u(o) = -8*o**2 + o**3 - 6*o + 12*o**2 - 3 - 9*o**2 + 0*o. Calculate u(l).
-3
Let x(y) = -y - 2. Let t(i) = -i**2 + 2 + 3*i - 7 - 9*i. Let m be t(-5). Let d be (m - 1) + (-1 - -2). What is x(d)?
-2
Let s(j) be the second derivative of 0 - 1/6*j**3 - 1/6*j**4 + 0*j**2 + 8*j. Give s(1).
-3
Suppose -3*z - 124 = z. Let n = z + 37. Let f(j) = -2*j - 2 - 3*j**2 - 4*j + 4*j**2. Determine f(n).
-2
Let n be (-4)/20 - (-33)/15. Let l(t) = -2*t + 5*t - n*t. Let s = -2 + 0. What is l(s)?
-2
Let q(y) = 0*y - y - 1 + 2*y. Let d(l) = -l + 3. Let h be 18/(-63) + 4/14. Let m be d(h). What is q(m)?
2
Suppose 0 = 3*p - 5*j - 12, 4*p = -0*p - 5*j - 19. Let a(t) = -13*t - 1. Give a(p).
12
Let o be (4*-1)/(14/(-7)). Let h(j) = 2*j**2 + 1. Determine h(o).
9
Let m(k) = -2*k**3 - 4*k**2 - 2*k. Let c be m(-2). Let i(o) = -9*o**2 + 13*o**2 - 5*o**2 - 2*o - 2*o**2 + o**3 - 5. Calculate i(c).
3
Let n(z) = -5 + 6 + 5*z + 8 - 6*z. Determine n(7).
2
Suppose -3 = -3*s - 12. Let q(r) = -2*r**2 - 3*r + 3. What is q(s)?
-6
Let i(u) = -14*u**3 + 18*u**2 - 29*u + 8. Let l(x) = -5*x**3 + 6*x**2 - 10*x + 3. Let h = -24 + 35. Let d(q) = h*l(q) - 4*i(q). Calculate d(5).
6
Suppose -10 = 9*j - 11*j. Let z(h) = -9*h + 9. Let f(m) = 6*m - 6. Let k be 1 + (7 + 0)*1. Let l(c) = j*z(c) + k*f(c). Give l(4).
9
Let w(a) = 2 + 3*a + 6 - 4*a. Let d = -6 - -6. Suppose d = -5*k, 5 + 11 = 4*q + 4*k. What is w(q)?
4
Let r(v) be the first derivative of v**3/3 + 7*v**2/2 + 9*v + 10. Calculate r(-6).
3
Let s = 3 - 2. Let p(t) = -s + 1 + 2*t. Let u be 10/4*(-4)/5. Determine p(u).
-4
Let b(w) = 3*w + 1. Suppose -5*k + 6*k = -4. Calculate b(k).
-11
Let s(f) be the first derivative of f - 5/3*f**3 + f**2 - 1/4*f**4 + 2. What is s(-5)?
-9
Let p(d) = -d + 4. Let j be (-1)/4*2*0. Determine p(j).
4
Let p(y) be the second derivative of 1/12*y**4 + 0 + 3*y + 0*y**2 + 0*y**3 + 1/40*y**5 + 1/144*y**6. Let w(l) be the third derivative of p(l). What is w(-2)?
-7
Let f(s) = s**2. Let u(w) = -5*w**2 + 4*w. Let n(r) = -4*f(r) - u(r). Determine n(5).
5
Let y = -9 - -15. Let c(t) = 2*t**3 + 2*t**3 - 2*t**3 - 1 + y*t**3. What is c(1)?
7
Let z(w) = -1396*w**3 - w**2 + 1397*w**3 + 1 - w**2. Suppose 0 = -q + 8 - 3. Suppose -3*a - 2*o + 2 = -5, 5*a - q*o + 30 = 0. Give z(a).
-2
Let x = -3 + -2. Let p(i) be the first derivative of i**3/3 + 3*i**2/2 - 2*i + 20. Calculate p(x).
8
Let w(n) = 6*n - 32. Let l be w(5). Let a(y) = 3*y + 3. Let z(m) = 8*m + 8. Let j(v) = -14*a(v) + 5*z(v). What is j(l)?
2
Let m(r) be the second derivative of -r**5/120 + r**3/6 + r. Let h(q) be the second derivative of m(q). Suppose -3*i + u = -3*u + 10, 2*i = 4*u - 12. Give h(i).
-2
Let q(a) = -6*a**3 + a. Let i(p) = p**3 + 3*p**2 - 4*p - 1. Let c be i(-4). Let f be q(c). Let d(n) = -n + 4. What is d(f)?
-1
Let p(g) = -g**3 + 3*g - 2. Let q(o) be the third derivative of o**4/24 - 2*o**3/3 + o**2. Let y be q(6). Determine p(y).
-4
Let n = 0 - 0. Let u(y) be the first derivative of 4 - 1/3*y**3 + 3*y + 1/2*y**2. Give u(n).
3
Let d(z) be the second derivative of 0 + 5/6*z**3 + 3/2*z**2 + 4*z + 1/6*z**4. Calculate d(-3).
6
Let p(v) = 2*v + 1 + 0 - v**2 - 2. Suppose 2*c - 14 = 5*s, 3*c + s = -2*s + 21. Suppose -4*r + 11 = c. What is p(r)?
0
Let a(h) = -h + 6. Let n be a(6). Let m(k) = k + 2. Let x be m(n). Let f(r) = 2*r - 6*r + x*r. Give f(-1).
2
Let t(f) be the second derivative of -1/12*f**4 - 3/2*f**2 - 3*f - 1/2*f**3 + 0. Calculate t(-4).
-7
Let f(u) be the first derivative of -7*u**3/3 + 4. Calculate f(-1).
-7
Let m(n) = 14*n - 1. Suppose 0*i + 3*w - 13 = 2*i, -4*i + 19 = 3*w. Calculate m(i).
13
Let n = 1 - 4. Let o(w) = w**3 + 5*w**2 + 4*w + 2. Give o(n).
8
Let o(j) be the third derivative of j**6/120 - j**5/20 + j**4/24 + 5*j**2. Let d be o(2). Let t(s) = -s**3 - 5*s**2 - 3*s - 2. Calculate t(d).
-8
Suppose -2*s + 21 = 33. Let t(w) = w**2 + 7*w - 1. Determine t(s).
-7
Let p(u) = -u**3 - 4*u**2 - 4*u - 3. Let o be p(-3). Let n be (o/3)/(-2 - -3). Let r(s) = s**2 - s + 3. Give r(n).
3
Let w(m) = -m - 1. Suppose g + 2*g = -9. Let u(j) = -j**3 - 2*j**2 + 2*j + 3. Let v be u(g). What is w(v)?
-7
Let v(b) = b**2 - 39 + 38 + b**2. Calculate v(1).
1
Let a = -3 + 1. Let w(t) be the first derivative of 0*t**2 + t - 1/3*t**3 + 1. Determine w(a).
-3
Let x be (-24)/(-11) + 6/(-33). Let p(r) be the third derivative of r**6/360 - r**5/60 - r**4/12 + 2*r**2. Let o(f) be the second derivative of p(f). Give o(x).
2
Let t(v) = -v**2 - v + 1. Let g(z) = -z - 4. Let y be g(-6). Suppose -3*h + 13 = -0*l + 2*l, 0 = -h + 4*l - 5. Suppose -s = y*s - h. Determine t(s).
-1
Let u(i) be the third derivative of -i**5/60 - 5*i**4/24 + i**3/2 - 2*i**2. Let f = -3 + -2. Calculate u(f).
3
Let y be 4 - (8*-1)/4. Let d(p) = -p + 3. Give d(y).
-3
Let t(r) be the third derivative of r**5/60 - 7*r**4/24 - 4*r**2. What is t(5)?
-10
Let s(n) = -n**2 + 6*n - 2. Let k be s(4). Let p(a) = -k - 3*a + 0*a + a + 4*a. Give p(4).
2
Let y(o) = o**2 - 8*o - 4. Let i be y(9). Suppose -m = -4*x - 18 - 4, i*m - 10 = 0. Let u(h) = h**3 + 6*h**2 + 7*h. Determine u(x).
-10
Let y(w) = -w**3 - 6*w**2 - 3*w + 2. Let t = 105 + -110. What is y(t)?
-8
Let g(x) = x**2 + 6*x + 7. Let t be g(-4). Let d(a) = -9*a - 1. Determine d(t).
8
Let d(j) = -2*j - 3. Let y(b) = -b**2 - 2*b + 4. Let c(o) = -o**2 - o. Let g be c(-1). Let u be y(g). Determine d(u).
-11
Let u(c) = -c**3 - 11*c**2 + 12*c - 3. Let h(x) = x**3 + 12*x**2 - 13*x + 3. Let n(w) = 6*h(w) + 7*u(w). Let j(y) = -y**2 + 3. Let f be j(3). Give n(f).
-3
Let z(a) = -a**3 + a - 5. Let j(x) = -2*x + 6. Let u be j(3). Give z(u).
-5
Suppose 144*l = 147*l - 9. Let b(x) = -x**3 + 4*x**2 - x - 3. Determine b(l).
3
Suppose 3*x + 8 = -4. Let b be (-17)/x + 12/16. Let m(a) = -a + 4. What is m(b)?
-1
Let n(p) be the first derivative of -p**4/4 - 2*p**3 + 7*p**2/2 + 10*p - 8. What is n(-7)?
10
Let a(k) = 3*k - 2*k + 4 - 5*k + k**2 - 3*k. Let l be a(6). Let t(p) = -5*p - 7. Let q(z) = 5*z + 6. Let w(g) = -4*q(g) - 3*t(g). Determine w(l).
7
Let j(s) be the first derivative of 1/2*s**2 + 0*s + 2 + s**3. Give j(1).
4
Let c(k) be the third derivative of -k**4/24 - 7*k**3/6 - 24*k**2. Give c(-7).
0
Suppose -i + 5*z - 25 = 0, 2*z - z - 5 = -4*i. Let m(d) = d**3 - d**2 - 3. Give m(i).
-3
Let o(l) be the third derivative of 0 + 1/720*l**6 - 1/40*l**5 + 0*l**3 + 0*l + 2*l**2 + 1/24*l**4. Let q(f) be the second derivative of o(f). Determine q(-4).
-7
Let w(k) = k - 6. Let r(o) = -o + 7. Let z(s) = 4*r(s) + 5*w(s). Calculate z(7).
5
Let z be -1 + (5 - 2) - -1. Suppose -z*b = -5*b - 6. Let s(y) be the third derivative of y**5/60 + y**4/8 + 2*y**3/3 - 2*y**2. Determine s(b).
4
Let h = 27 - 27. Let o(r) = -11 + h*r + 4*r - 3*r. Determine o(6).
-5
Suppose -7 = -f - 3. Let d(p) = -2 + f*p + 0 - 1. Calculate d(2).
5
Let y be 9/12*(-4)/(-12). Let p(s) be the first derivative of -2 + 0*s**2 + 2*s - y*s**4 - 4/3*s**3. Calculate p(-4).
2
Let r(z) = -193*z + 1 + 14 + 195*z. Calculate r(-10).
-5
Let v(i) = -2*i - 9. Let z(b) = -3*b - 8. Let d(w) = 4*v(w) - 3*z(w). Let c be (-33)/(-7) + (-2)/(-7). What is d(c)?
